te the remainder when 4110 is divided by 257.
255
Calculate the remainder when 175 is divided by 60.
55
What is the remainder when 6437 is divided by 58?
57
Calculate the remainder when 5885 is divided by 23.
20
What is the remainder when 3046 is divided by 11?
10
Calculate the remainder when 190 is divided by 24.
22
Calculate the remainder when 44 is divided by 12.
8
Calculate the remainder when 419 is divided by 404.
15
What is the remainder when 183 is divided by 8?
7
Calculate the remainder when 114 is divided by 43.
28
What is the remainder when 342 is divided by 44?
34
Calculate the remainder when 707 is divided by 143.
135
Calculate the remainder when 554 is divided by 21.
8
What is the remainder when 146 is divided by 38?
32
What is the remainder when 188 is divided by 4?
0
Calculate the remainder when 1023 is divided by 195.
48
Calculate the remainder when 3126 is divided by 136.
134
Calculate the remainder when 212 is divided by 25.
12
What is the remainder when 924 is divided by 16?
12
What is the remainder when 142 is divided by 105?
37
What is the remainder when 2177 is divided by 719?
20
Calculate the remainder when 387 is divided by 72.
27
What is the remainder when 330 is divided by 37?
34
Calculate the remainder when 1178 is divided by 152.
114
Calculate the remainder when 188 is divided by 122.
66
Calculate the remainder when 472 is divided by 6.
4
What is the remainder when 1727 is divided by 61?
19
Calculate the remainder when 189 is divided by 44.
13
Calculate the remainder when 159 is divided by 137.
22
What is the remainder when 179 is divided by 20?
19
What is the remainder when 179 is divided by 30?
29
What is the remainder when 2665 is divided by 43?
42
Calculate the remainder when 461 is divided by 18.
11
Calculate the remainder when 842 is divided by 59.
16
Calculate the remainder when 82 is divided by 30.
22
Calculate the remainder when 982 is divided by 319.
25
What is the remainder when 709 is divided by 79?
77
Calculate the remainder when 77 is divided by 16.
13
Calculate the remainder when 75 is divided by 19.
18
What is the remainder when 528 is divided by 10?
8
Calculate the remainder when 126 is divided by 35.
21
What is the remainder when 19979 is divided by 27?
26
Calculate the remainder when 592 is divided by 282.
28
Calculate the remainder when 194 is divided by 9.
5
What is the remainder when 1029 is divided by 338?
15
What is the remainder when 971 is divided by 66?
47
Calculate the remainder when 132 is divided by 27.
24
Calculate the remainder when 66 is divided by 16.
2
What is the remainder when 1574 is divided by 253?
56
Calculate the remainder when 1616 is divided by 49.
48
What is the remainder when 712 is divided by 80?
72
Calculate the remainder when 387 is divided by 34.
13
Calculate the remainder when 239 is divided by 12.
11
What is the remainder when 1556 is divided by 20?
16
What is the remainder when 71 is divided by 21?
8
Calculate the remainder when 453 is divided by 12.
9
What is the remainder when 2527 is divided by 9?
7
Calculate the remainder when 458 is divided by 217.
24
Calculate the remainder when 852 is divided by 22.
16
What is the remainder when 1786 is divided by 56?
50
Calculate the remainder when 1371 is divided by 270.
21
What is the remainder when 778 is divided by 41?
40
What is the remainder when 61 is divided by 8?
5
What is the remainder when 734 is divided by 205?
119
Calculate the remainder when 197 is divided by 71.
55
What is the remainder when 1064 is divided by 32?
8
Calculate the remainder when 4416 is divided by 65.
61
Calculate the remainder when 193 is divided by 18.
13
Calculate the remainder when 146 is divided by 133.
13
Calculate the remainder when 179 is divided by 91.
88
Calculate the remainder when 262 is divided by 253.
9
Calculate the remainder when 1658 is divided by 828.
2
Calculate the remainder when 2360 is divided by 664.
368
What is the remainder when 242 is divided by 35?
32
What is the remainder when 10709 is divided by 85?
84
What is the remainder when 1025 is divided by 18?
17
What is the remainder when 149 is divided by 32?
21
Calculate the remainder when 744 is divided by 34.
30
What is the remainder when 204 is divided by 50?
4
What is the remainder when 1919 is divided by 958?
3
What is the remainder when 637 is divided by 15?
7
Calculate the remainder when 16169 is divided by 26.
23
What is the remainder when 206 is divided by 19?
16
What is the remainder when 31 is divided by 19?
12
What is the remainder when 113 is divided by 32?
17
Calculate the remainder when 405 is divided by 23.
14
Calculate the remainder when 873 is divided by 23.
22
What is the remainder when 79 is divided by 27?
25
Calculate the remainder when 857 is divided by 20.
17
Calculate the remainder when 663 is divided by 19.
17
What is the remainder when 2989 is divided by 8?
5
Calculate the remainder when 666 is divided by 218.
12
Calculate the remainder when 174 is divided by 20.
14
What is the remainder when 367 is divided by 99?
70
Calculate the remainder when 294 is divided by 20.
14
Calculate the remainder when 270 is divided by 43.
12
Calculate the remainder when 401 is divided by 29.
24
What is the remainder when 1759 is divided by 32?
31
Calculate the remainder when 940 is divided by 19.
9
Calculate the remainder when 393 is divided by 18.
15
Calculate the remainder when 5824 is divided by 831.
7
Calculate the remainder when 642 is divided by 7.
5
Calculate the remainder when 909 is divided by 12.
9
What is the remainder when 143 is divided by 38?
29
Calculate the remainder when 227 is divided by 113.
1
Calculate the remainder when 18312 is divided by 11.
8
What is the remainder when 154 is divided by 56?
42
What is the remainder when 2733 is divided by 72?
69
What is the remainder when 95 is divided by 3?
2
What is the remainder when 12001 is divided by 343?
339
What is the remainder when 74 is divided by 20?
14
What is the remainder when 106 is divided by 51?
4
What is the remainder when 788 is divided by 12?
8
What is the remainder when 1149 is divided by 354?
87
Calculate the remainder when 670 is divided by 112.
110
What is the remainder when 758 is divided by 62?
14
What is the remainder when 3265 is divided by 71?
70
Calculate the remainder when 3948 is divided by 208.
204
What is the remainder when 508 is divided by 19?
14
What is the remainder when 259 is divided by 33?
28
Calculate the remainder when 14705 is divided by 18.
17
Calculate the remainder when 708 is divided by 79.
76
What is the remainder when 783 is divided by 14?
13
What is the remainder when 18 is divided by 11?
7
What is the remainder when 316 is divided by 13?
4
Calculate the remainder when 198 is divided by 42.
30
What is the remainder when 877 is divided by 5?
2
Calculate the remainder when 391 is divided by 81.
67
Calculate the remainder when 1829 is divided by 7.
2
Calculate the remainder when 592 is divided by 35.
32
Calculate the remainder when 413 is divided by 69.
68
Calculate the remainder when 269 is divided by 64.
13
Calculate the remainder when 1421 is divided by 57.
53
Calculate the remainder when 735 is divided by 398.
337
Calculate the remainder when 6637 is divided by 20.
17
Calculate the remainder when 189 is divided by 69.
51
Calculate the remainder when 271 is divided by 47.
36
What is the remainder when 378 is divided by 156?
66
What is the remainder when 1269 is divided by 423?
0
What is the remainder when 18314 is divided by 19?
17
Calculate the remainder when 168 is divided by 63.
42
What is the remainder when 1060 is divided by 18?
16
Calculate the remainder when 83 is divided by 28.
27
Calculate the remainder when 6069 is divided by 13.
11
Calculate the remainder when 10890 is divided by 16.
10
What is the remainder when 78449 is divided by 5?
4
What is the remainder when 63 is divided by 10?
3
Calculate the remainder when 248 is divided by 127.
121
Calculate the remainder when 117 is divided by 24.
21
What is the remainder when 300 is divided by 260?
40
What is the remainder when 2517 is divided by 30?
27
What is the remainder when 124 is divided by 28?
12
What is the remainder when 950 is divided by 34?
32
What is the remainder when 901 is divide